osite?
True
Is 8418404299 composite?
True
Is 46141686967 composite?
False
Is 4160227139 prime?
True
Is 31023747089 a composite number?
False
Is 7057217897 a prime number?
False
Is 26063231921 a composite number?
True
Is 25975113 prime?
False
Is 8696862517 a composite number?
True
Is 2870445997 a composite number?
False
Is 5609540383 prime?
False
Is 122502682411 prime?
True
Is 5300329019 a composite number?
False
Is 26599342741 a prime number?
True
Is 8806223 a prime number?
False
Is 7956481 prime?
False
Is 128090325059 a prime number?
True
Is 1384740611 composite?
False
Is 17086850813 composite?
False
Is 1977465359 a prime number?
False
Is 4334261702 a composite number?
True
Is 5966716961 prime?
True
Is 4077029251 a composite number?
False
Is 60726553861 prime?
False
Is 3331452167 a prime number?
False
Is 71210693 a composite number?
False
Is 51130141 prime?
True
Is 17527792691 prime?
True
Is 11150471207 prime?
False
Is 30453259 a composite number?
False
Is 440430629 a composite number?
False
Is 1262608031 a prime number?
False
Is 2415225601 prime?
False
Is 3263038705 composite?
True
Is 60882443759 composite?
False
Is 13471358231 a prime number?
False
Is 34599007523 a composite number?
False
Is 17195317198 a composite number?
True
Is 18055197059 composite?
False
Is 9074492437 prime?
True
Is 7309362661 a prime number?
True
Is 962047945 a prime number?
False
Is 56714882489 a prime number?
True
Is 4084629807 prime?
False
Is 2410002703 a composite number?
False
Is 43243063 a prime number?
True
Is 2535224873 a prime number?
False
Is 208685989137 prime?
False
Is 2350851739 prime?
False
Is 480705674 a prime number?
False
Is 305364029381 composite?
False
Is 480744793 composite?
True
Is 3704375749 composite?
True
Is 662959637 prime?
False
Is 274000659 prime?
False
Is 58256519423 a prime number?
False
Is 1250692327 composite?
True
Is 20584897439 a composite number?
False
Is 15877285297 prime?
True
Is 10018590473 prime?
False
Is 16593658439 prime?
True
Is 165082897931 a composite number?
True
Is 12689022499 a composite number?
False
Is 2439541289 a composite number?
True
Is 406887881 composite?
False
Is 1379741533 composite?
False
Is 5145971113 composite?
True
Is 6438990595 composite?
True
Is 11422036013 composite?
True
Is 1876389317 prime?
False
Is 19421769853 prime?
True
Is 31757743 a prime number?
True
Is 16481691547 prime?
False
Is 385097239 a prime number?
True
Is 71522351 composite?
False
Is 22528863937 composite?
True
Is 37107899003 composite?
True
Is 4040405 composite?
True
Is 11968093847 a composite number?
False
Is 36186526991 prime?
False
Is 9323370671 a prime number?
True
Is 283965293 composite?
False
Is 50958091 a composite number?
True
Is 729605641 a prime number?
True
Is 330964877 a composite number?
False
Is 5504078182 a composite number?
True
Is 8673341 a prime number?
True
Is 17289501679 a prime number?
True
Is 32649908659 prime?
False
Is 215965577 prime?
False
Is 86639382791 a prime number?
False
Is 10565910271 a composite number?
True
Is 1477102771 a composite number?
False
Is 826872467 a composite number?
False
Is 4403987693 a prime number?
False
Is 1841628031 composite?
False
Is 70130125589 composite?
True
Is 73354270811 a composite number?
True
Is 7370161 a composite number?
False
Is 22644631069 a composite number?
False
Is 9852009463 a composite number?
True
Is 4041144823 a composite number?
False
Is 15415073403 a composite number?
True
Is 21542976911 prime?
True
Is 3810242119 a composite number?
False
Is 18284861841 a composite number?
True
Is 1748176483 a composite number?
False
Is 46819485259 composite?
False
Is 19627464109 prime?
False
Is 417191699 composite?
False
Is 14776526029 composite?
True
Is 278594201 prime?
False
Is 6380116133 prime?
False
Is 8971917157 a prime number?
False
Is 2545858981 prime?
False
Is 10198284517 prime?
True
Is 14149556459 composite?
True
Is 1220851 composite?
True
Is 19249522883 a prime number?
True
Is 143605538233 prime?
True
Is 3755271619 composite?
True
Is 19057979581 composite?
False
Is 13768044479 prime?
False
Is 7533558541 a composite number?
True
Is 6933741333 composite?
True
Is 42806098871 a prime number?
False
Is 1208177197 composite?
False
Is 1587578951 prime?
False
Is 62361687637 a prime number?
False
Is 28712788921 a prime number?
False
Is 23173276237 prime?
False
Is 32812930043 a prime number?
False
Is 7083584171 a composite number?
False
Is 4682922481 prime?
False
Is 213081521 a composite number?
False
Is 6844887319 prime?
True
Is 303190499 prime?
True
Is 17679814063 prime?
True
Is 26186327 prime?
True
Is 7595328931 a prime number?
True
Is 10526330807 a prime number?
False
Is 4962827191 prime?
False
Is 8413243383 a prime number?
False
Is 6559335793 a prime number?
False
Is 3023454559 prime?
True
Is 33527141 composite?
False
Is 75538844377 a prime number?
True
Is 44025128947 composite?
True
Is 3384715549 composite?
False
Is 21469423013 composite?
False
Is 52643781199 prime?
True
Is 478052353 composite?
True
Is 1587747869 a composite number?
False
Is 8790147445 composite?
True
Is 1447970233 composite?
True
Is 2460030317 a composite number?
False
Is 26990632453 composite?
True
Is 3445746119 a composite number?
False
Is 4158009202 prime?
False
Is 55850797447 composite?
True
Is 563372902741 a composite number?
True
Is 1018258957 a prime number?
True
Is 3327775987 prime?
False
Is 54486172031 a composite number?
True
Is 3750902531 prime?
True
Is 827285311 a prime number?
False
Is 1726687439 composite?
True
Is 11484993071 a prime number?
True
Is 140446069 a composite number?
True
Is 6564297653 a composite number?
True
Is 5592163 a composite number?
False
Is 12986486705 composite?
True
Is 182786467273 a prime number?
True
Is 986615059 a prime number?
False
Is 5132251727 a composite number?
True
Is 7585956821 prime?
False
Is 8947837169 a composite number?
True
Is 8494853183 composite?
False
Is 1280664941 prime?
True
Is 570799967 a prime number?
True
Is 225165293 composite?
True
Is 88021760927 a prime number?
False
Is 38846677 a composite number?
False
Is 196871245 a composite number?
True
Is 382051661 prime?
True
Is 20132394665 a prime number?
False
Is 2409382931 prime?
True
Is 266569795 prime?
False
Is 741240377 composite?
True
Is 86267692309 prime?
False
Is 283728143 a prime number?
False
Is 3957437093 composite?
False
Is 2356067971 composite?
True
Is 251146314277 composite?
True
Is 30152434703 composite?
True
Is 200361299 a prime number?
False
Is 924644327 a composite number?
False
Is 69383336381 a composite number?
False
Is 3250477547 prime?
True
Is 511490761 a prime number?
False
Is 1852897849 prime?
False
Is 3391082581 prime?
False
Is 141241655393 prime?
True
Is 600008807 prime?
False
Is 108449480053 a composite number?
False
Is 3320441321 a composite number?
True
Is 440641349 a prime number?
True
Is 67103162333 composite?
False
Is 1543511881 a composite number?
False
Is 98747687 composite?
False
Is 858317255 a composite number?
True
Is 6374638477 prime?
True
Is 28616828486 prime?
False
Is 594482549 prime?
True
Is 1442746738 prime?
False
Is 5034925361 composite?
False
Is 1493031299 composite?
False
Is 2879085821 prime?
True
Is 10109687699 a composite number?
False
Is 122456617 a prime number?
True
Is 494275703 prime?
True
Is 3238388119 a prime number?
True
Is 1321355069 a composite number?
False
Is 7448670611 a prime number?
False
Is 224266386403 prime?
True
Is 3546031837 a composite number?
False
Is 5623405577 a composite number?
True
Is 39797573 composite?
True
Is 9124778287 prime?
False
Is 2436528203 composite?
False
Is 3233450369 a composite number?
False
Is 1622471017 prime?
True
Is 29306484289 prime?
True
Is 11498629207 a composite number?
True
Is 36314501491 a composite number?
False
Is 2705214293 composite?
False
Is 4072346693 prime?
False
Is 25198322399 a prime number?
True
Is 24458933 composite?
True
Is 698266031 a composite number?
True
Is 40452897957 a composite number?
True
Is 7684381787 a prime number?
False
Is 50195611967 a composite number?
True
Is 87748850879 prime?
True
Is 662151013 a composite number?
False
Is 554152106 prime?
False
Is 30661784995 a prime number?
False
Is 920333383 a prime number?
True
Is 76587870581 a composite number?
False
Is 4732506913 a compos